{"id":183,"date":"2024-01-15T14:28:42","date_gmt":"2024-01-15T13:28:42","guid":{"rendered":"https:\/\/petitbomal.be\/?page_id=183"},"modified":"2025-12-02T10:56:45","modified_gmt":"2025-12-02T09:56:45","slug":"la-viande","status":"publish","type":"page","link":"https:\/\/petitbomal.be\/index.php\/la-viande\/","title":{"rendered":"La Viande"},"content":{"rendered":"\t\t<div data-elementor-type=\"wp-page\" data-elementor-id=\"183\" class=\"elementor elementor-183\" data-elementor-post-type=\"page\">\n\t\t\t\t<div class=\"elementor-element elementor-element-7c1777f6 e-con-full e-grid e-con e-parent\" data-id=\"7c1777f6\" data-element_type=\"container\" data-settings=\"{&quot;background_background&quot;:&quot;slideshow&quot;,&quot;background_slideshow_gallery&quot;:[{&quot;id&quot;:2939,&quot;url&quot;:&quot;http:\\\/\\\/petitbomal.be\\\/wp-content\\\/uploads\\\/2025\\\/10\\\/DSCF7835-scaled.jpg&quot;}],&quot;background_slideshow_loop&quot;:&quot;yes&quot;,&quot;background_slideshow_slide_duration&quot;:5000,&quot;background_slideshow_slide_transition&quot;:&quot;fade&quot;,&quot;background_slideshow_transition_duration&quot;:500}\">\n\t\t\t\t<\/div>\n\t\t<div class=\"elementor-element elementor-element-2247074 e-con-full e-flex e-con e-parent\" data-id=\"2247074\" data-element_type=\"container\" data-settings=\"{&quot;background_background&quot;:&quot;classic&quot;}\">\n\t\t\t\t<div class=\"elementor-element elementor-element-598d66c elementor-widget elementor-widget-heading\" data-id=\"598d66c\" data-element_type=\"widget\" data-widget_type=\"heading.default\">\n\t\t\t\t<div class=\"elementor-widget-container\">\n\t\t\t\t\t<h1 class=\"elementor-heading-title elementor-size-default\">Des vaches nourries \u00e0 l'herbe... et rien d'autre<\/h1>\t\t\t\t<\/div>\n\t\t\t\t<\/div>\n\t\t\t\t<\/div>\n\t\t<div class=\"elementor-element elementor-element-7d0a5cb e-con-full e-flex e-con e-parent\" data-id=\"7d0a5cb\" data-element_type=\"container\" data-settings=\"{&quot;background_background&quot;:&quot;classic&quot;}\">\n\t\t<div class=\"elementor-element elementor-element-8e6d541 e-con-full e-flex e-con e-child\" data-id=\"8e6d541\" data-element_type=\"container\">\n\t\t\t\t<div class=\"elementor-element elementor-element-5893060 elementor-widget elementor-widget-image\" data-id=\"5893060\" data-element_type=\"widget\" data-widget_type=\"image.default\">\n\t\t\t\t<div class=\"elementor-widget-container\">\n\t\t\t\t\t\t\t\t\t\t\t\t\t\t\t<img fetchpriority=\"high\" decoding=\"async\" width=\"800\" height=\"534\" src=\"https:\/\/petitbomal.be\/wp-content\/uploads\/2025\/06\/505468879_1285708123563629_6065759279242595152_n-1024x683.jpg\" class=\"attachment-large size-large wp-image-2800\" alt=\"\" srcset=\"https:\/\/petitbomal.be\/wp-content\/uploads\/2025\/06\/505468879_1285708123563629_6065759279242595152_n-1024x683.jpg 1024w, https:\/\/petitbomal.be\/wp-content\/uploads\/2025\/06\/505468879_1285708123563629_6065759279242595152_n-300x200.jpg 300w, https:\/\/petitbomal.be\/wp-content\/uploads\/2025\/06\/505468879_1285708123563629_6065759279242595152_n-768x512.jpg 768w, https:\/\/petitbomal.be\/wp-content\/uploads\/2025\/06\/505468879_1285708123563629_6065759279242595152_n-1536x1024.jpg 1536w, https:\/\/petitbomal.be\/wp-content\/uploads\/2025\/06\/505468879_1285708123563629_6065759279242595152_n-600x400.jpg 600w, https:\/\/petitbomal.be\/wp-content\/uploads\/2025\/06\/505468879_1285708123563629_6065759279242595152_n.jpg 2048w\" sizes=\"(max-width: 800px) 100vw, 800px\" \/>\t\t\t\t\t\t\t\t\t\t\t\t\t\t\t<\/div>\n\t\t\t\t<\/div>\n\t\t\t\t<\/div>\n\t\t<div class=\"elementor-element elementor-element-c8a32a7 e-con-full e-flex e-con e-child\" data-id=\"c8a32a7\" data-element_type=\"container\">\n\t\t\t\t<div class=\"elementor-element elementor-element-5ff8400 elementor-widget elementor-widget-text-editor\" data-id=\"5ff8400\" data-element_type=\"widget\" data-widget_type=\"text-editor.default\">\n\t\t\t\t<div class=\"elementor-widget-container\">\n\t\t\t\t\t\t\t\t\t<p data-start=\"228\" data-end=\"551\">\u00c0 la Ferme de Petit-Bomal, nous \u00e9levons nos animaux avec respect, patience et exigence. Chaque d\u00e9cision, du choix des races \u00e0 la conduite des p\u00e2turages, est guid\u00e9e par une conviction simple : une viande d\u2019exception ne peut na\u00eetre que d\u2019animaux \u00e9lev\u00e9s dans de bonnes conditions, avec le temps et l\u2019attention qu\u2019ils m\u00e9ritent.<\/p><p data-start=\"553\" data-end=\"988\">Nos vaches Jersey, Angus et crois\u00e9s Jersey-Angus vivent \u00e0 l\u2019herbe toute l\u2019ann\u00e9e. Ce mode d\u2019\u00e9levage, fid\u00e8le au rythme naturel des ruminants, garantit une croissance harmonieuse, un bien-\u00eatre optimal et une viande d\u2019une qualit\u00e9 remarquable. L\u2019herbe fra\u00eeche, les p\u00e2turages diversifi\u00e9s et les fourrages riches en nutriments donnent une chair tendre, persill\u00e9e, intens\u00e9ment parfum\u00e9e et naturellement riche en om\u00e9ga-3, vitamines et min\u00e9raux.<\/p><p data-start=\"990\" data-end=\"1206\">Nous produisons une viande saine, authentique et raffin\u00e9e, issue d\u2019un \u00e9levage qui prend soin de la terre autant que des animaux. Une viande de tr\u00e8s haute qualit\u00e9, sinc\u00e8re dans sa d\u00e9marche, g\u00e9n\u00e9reuse dans ses saveurs.<\/p>\t\t\t\t\t\t\t\t<\/div>\n\t\t\t\t<\/div>\n\t\t\t\t<\/div>\n\t\t<div class=\"elementor-element elementor-element-f212bd6 e-con-full e-flex e-con e-child\" data-id=\"f212bd6\" data-element_type=\"container\">\n\t\t\t\t<div class=\"elementor-element elementor-element-793f934 elementor-widget elementor-widget-image\" data-id=\"793f934\" data-element_type=\"widget\" data-widget_type=\"image.default\">\n\t\t\t\t<div class=\"elementor-widget-container\">\n\t\t\t\t\t\t\t\t\t\t\t\t\t\t\t<img decoding=\"async\" width=\"683\" height=\"1024\" src=\"https:\/\/petitbomal.be\/wp-content\/uploads\/2025\/10\/DSCF8087-683x1024.jpg\" class=\"attachment-large size-large wp-image-2924\" alt=\"\" srcset=\"https:\/\/petitbomal.be\/wp-content\/uploads\/2025\/10\/DSCF8087-683x1024.jpg 683w, https:\/\/petitbomal.be\/wp-content\/uploads\/2025\/10\/DSCF8087-200x300.jpg 200w, https:\/\/petitbomal.be\/wp-content\/uploads\/2025\/10\/DSCF8087-768x1152.jpg 768w, https:\/\/petitbomal.be\/wp-content\/uploads\/2025\/10\/DSCF8087-1024x1536.jpg 1024w, https:\/\/petitbomal.be\/wp-content\/uploads\/2025\/10\/DSCF8087-1365x2048.jpg 1365w, https:\/\/petitbomal.be\/wp-content\/uploads\/2025\/10\/DSCF8087-600x900.jpg 600w, https:\/\/petitbomal.be\/wp-content\/uploads\/2025\/10\/DSCF8087-scaled.jpg 1707w\" sizes=\"(max-width: 683px) 100vw, 683px\" \/>\t\t\t\t\t\t\t\t\t\t\t\t\t\t\t<\/div>\n\t\t\t\t<\/div>\n\t\t\t\t<\/div>\n\t\t\t\t<\/div>\n\t\t<div class=\"elementor-element elementor-element-4678922 e-con-full e-flex e-con e-parent\" data-id=\"4678922\" data-element_type=\"container\" data-settings=\"{&quot;background_background&quot;:&quot;classic&quot;}\">\n\t\t\t\t<div class=\"elementor-element elementor-element-04d55e1 elementor-widget elementor-widget-heading\" data-id=\"04d55e1\" data-element_type=\"widget\" data-widget_type=\"heading.default\">\n\t\t\t\t<div class=\"elementor-widget-container\">\n\t\t\t\t\t<h1 class=\"elementor-heading-title elementor-size-default\">mais aussi... cochons rustiques!<\/h1>\t\t\t\t<\/div>\n\t\t\t\t<\/div>\n\t\t\t\t<\/div>\n\t\t<div class=\"elementor-element elementor-element-c2cef17 e-flex e-con-boxed e-con e-parent\" data-id=\"c2cef17\" data-element_type=\"container\" data-settings=\"{&quot;background_background&quot;:&quot;classic&quot;}\">\n\t\t\t\t\t<div class=\"e-con-inner\">\n\t\t<div class=\"elementor-element elementor-element-44da2f7 e-con-full e-flex e-con e-child\" data-id=\"44da2f7\" data-element_type=\"container\">\n\t\t\t\t<\/div>\n\t\t<div class=\"elementor-element elementor-element-e74042c e-con-full e-flex e-con e-child\" data-id=\"e74042c\" data-element_type=\"container\">\n\t\t<div class=\"elementor-element elementor-element-f40d8ea e-con-full e-flex e-con e-child\" data-id=\"f40d8ea\" data-element_type=\"container\">\n\t\t\t\t<\/div>\n\t\t<div class=\"elementor-element elementor-element-5147e48 e-con-full e-flex e-con e-child\" data-id=\"5147e48\" data-element_type=\"container\">\n\t\t\t\t<\/div>\n\t\t\t\t<\/div>\n\t\t\t\t\t<\/div>\n\t\t\t\t<\/div>\n\t\t\t\t<\/div>\n\t\t","protected":false},"excerpt":{"rendered":"<p>Des vaches nourries \u00e0 l&rsquo;herbe&#8230; et rien d&rsquo;autre \u00c0 la Ferme de Petit-Bomal, nous \u00e9levons nos animaux avec respect, patience et exigence. Chaque d\u00e9cision, du choix des races \u00e0 la conduite des p\u00e2turages, est guid\u00e9e par une conviction simple : une viande d\u2019exception ne peut na\u00eetre que d\u2019animaux \u00e9lev\u00e9s dans de bonnes conditions, avec le [&hellip;]<\/p>\n","protected":false},"author":1,"featured_media":0,"parent":0,"menu_order":0,"comment_status":"closed","ping_status":"closed","template":"","meta":{"footnotes":""},"class_list":["post-183","page","type-page","status-publish","hentry"],"jetpack_sharing_enabled":true,"_links":{"self":[{"href":"https:\/\/petitbomal.be\/index.php\/wp-json\/wp\/v2\/pages\/183","targetHints":{"allow":["GET"]}}],"collection":[{"href":"https:\/\/petitbomal.be\/index.php\/wp-json\/wp\/v2\/pages"}],"about":[{"href":"https:\/\/petitbomal.be\/index.php\/wp-json\/wp\/v2\/types\/page"}],"author":[{"embeddable":true,"href":"https:\/\/petitbomal.be\/index.php\/wp-json\/wp\/v2\/users\/1"}],"replies":[{"embeddable":true,"href":"https:\/\/petitbomal.be\/index.php\/wp-json\/wp\/v2\/comments?post=183"}],"version-history":[{"count":50,"href":"https:\/\/petitbomal.be\/index.php\/wp-json\/wp\/v2\/pages\/183\/revisions"}],"predecessor-version":[{"id":2955,"href":"https:\/\/petitbomal.be\/index.php\/wp-json\/wp\/v2\/pages\/183\/revisions\/2955"}],"wp:attachment":[{"href":"https:\/\/petitbomal.be\/index.php\/wp-json\/wp\/v2\/media?parent=183"}],"curies":[{"name":"wp","href":"https:\/\/api.w.org\/{rel}","templated":true}]}}